{"id":258,"date":"2022-05-27T15:54:25","date_gmt":"2022-05-27T13:54:25","guid":{"rendered":"https:\/\/waldowo.salezjanie.waw.pl\/?page_id=258"},"modified":"2026-01-03T09:39:21","modified_gmt":"2026-01-03T08:39:21","slug":"nabozenstwa","status":"publish","type":"page","link":"https:\/\/waldowo.salezjanie.waw.pl\/?page_id=258","title":{"rendered":"NABO\u017bE\u0143STWA"},"content":{"rendered":"\n<p><strong>22 dnia ka\u017cdego miesi\u0105ca<\/strong>&nbsp;<em>nowenna do \u015bw. Jana Paw\u0142a II \u2013 po Mszy \u015bw. o godz. 18<sup>00<\/sup><\/em><\/p>\n\n\n\n<p><strong>24 dnia ka\u017cdego miesi\u0105ca o godz. 18<sup>00<\/sup>&nbsp;<\/strong><em>Msza \u015bw. w intencjach sk\u0142adanych za po\u015brednictwem Maryi Wspomo\u017cycielki Wiernych i nabo\u017ce\u0144stwo \u201eHo\u0142d Wspomo\u017cycielce\u201d<\/em><\/p>\n\n\n\n<p><strong>ostatni dzie\u0144 miesi\u0105ca<\/strong>&nbsp;<em>wspomnienie \u015bw. Jana Bosko &#8211; 18<sup>00<\/sup>&nbsp;Msza \u015bw.&nbsp;<\/em><em>i nabo\u017ce\u0144stwo w kaplicy \u015bw. Jana Bosko.<\/em><\/p>\n\n\n\n<p><strong>ka\u017cdy czwartek po Mszy \u015bw. o godz. 18<sup>00&nbsp;<\/sup>&nbsp;<\/strong><em>&#8211; <\/em><em>Adoracja Naj\u015bwi\u0119tszego Sakramentu do godz. 20<sup>00<\/sup><\/em><\/p>\n\n\n\n<p><strong>pierwsze pi\u0105tki miesi\u0105ca&nbsp;<\/strong><em>odwiedziny chorych od godz. 9<sup>00<\/sup>.<\/em>&nbsp; S<em>powied\u017a podczas Mszy \u015bw. o godz. <em>7<sup>00<\/sup><\/em> i <em>18<sup>00<\/sup><\/em> Po Mszy \u015bw. wieczornej nabo\u017ce\u0144stwo do Serca Jezusowego.<\/em><\/p>\n\n\n\n<p><strong>pierwsza sobota miesi\u0105ca\u00a0<\/strong><em>Msza \u015bw. o godz. <em>10<sup>00<\/sup><\/em> w intencji wynagradzaj\u0105cej Niepokalanemu Sercu Maryi.<br>Po Mszy \u015bw. R\u00f3\u017caniec i medytacja pierwszo sobotnia.<\/em><\/p>\n","protected":false},"excerpt":{"rendered":"<p>22 dnia ka\u017cdego miesi\u0105ca&nbsp;nowenna do \u015bw. Jana Paw\u0142a II \u2013 po Mszy \u015bw. o godz. 1800 24 dnia ka\u017cdego miesi\u0105ca o godz. 1800&nbsp;Msza \u015bw. w intencjach sk\u0142adanych za po\u015brednictwem Maryi Wspomo\u017cycielki Wiernych i nabo\u017ce\u0144stwo \u201eHo\u0142d Wspomo\u017cycielce\u201d ostatni dzie\u0144 miesi\u0105ca&nbsp;wspomnienie \u015bw. Jana Bosko &#8211; 1800&nbsp;Msza \u015bw.&nbsp;i nabo\u017ce\u0144stwo w kaplicy \u015bw. Jana Bosko. ka\u017cdy czwartek po Mszy [&hellip;]<\/p>\n","protected":false},"author":9,"featured_media":0,"parent":0,"menu_order":0,"comment_status":"closed","ping_status":"closed","template":"","meta":[],"_links":{"self":[{"href":"https:\/\/waldowo.salezjanie.waw.pl\/index.php?rest_route=\/wp\/v2\/pages\/258"}],"collection":[{"href":"https:\/\/waldowo.salezjanie.waw.pl\/index.php?rest_route=\/wp\/v2\/pages"}],"about":[{"href":"https:\/\/waldowo.salezjanie.waw.pl\/index.php?rest_route=\/wp\/v2\/types\/page"}],"author":[{"embeddable":true,"href":"https:\/\/waldowo.salezjanie.waw.pl\/index.php?rest_route=\/wp\/v2\/users\/9"}],"replies":[{"embeddable":true,"href":"https:\/\/waldowo.salezjanie.waw.pl\/index.php?rest_route=%2Fwp%2Fv2%2Fcomments&post=258"}],"version-history":[{"count":5,"href":"https:\/\/waldowo.salezjanie.waw.pl\/index.php?rest_route=\/wp\/v2\/pages\/258\/revisions"}],"predecessor-version":[{"id":1323,"href":"https:\/\/waldowo.salezjanie.waw.pl\/index.php?rest_route=\/wp\/v2\/pages\/258\/revisions\/1323"}],"wp:attachment":[{"href":"https:\/\/waldowo.salezjanie.waw.pl\/index.php?rest_route=%2Fwp%2Fv2%2Fmedia&parent=258"}],"curies":[{"name":"wp","href":"https:\/\/api.w.org\/{rel}","templated":true}]}}

NABOŻEŃSTWA

<p><strong>22 dnia każdego miesiąca</strong>&nbsp;<em>nowenna do św. Jana Pawła II – po Mszy św. o godz. 18<sup>00</sup></em></p>



<p><strong>24 dnia każdego miesiąca o godz. 18<sup>00</sup>&nbsp;</strong><em>Msza św. w intencjach składanych za pośrednictwem Maryi Wspomożycielki Wiernych i nabożeństwo „Hołd Wspomożycielce”</em></p>



<p><strong>ostatni dzień miesiąca</strong>&nbsp;<em>wspomnienie św. Jana Bosko &#8211; 18<sup>00</sup>&nbsp;Msza św.&nbsp;</em><em>i nabożeństwo w kaplicy św. Jana Bosko.</em></p>



<p><strong>każdy czwartek po Mszy św. o godz. 18<sup>00&nbsp;</sup>&nbsp;</strong><em>&#8211; </em><em>Adoracja Najświętszego Sakramentu do godz. 20<sup>00</sup></em></p>



<p><strong>pierwsze piątki miesiąca&nbsp;</strong><em>odwiedziny chorych od godz. 9<sup>00</sup>.</em>&nbsp; S<em>powiedź podczas Mszy św. o godz. <em>7<sup>00</sup></em> i <em>18<sup>00</sup></em> Po Mszy św. wieczornej nabożeństwo do Serca Jezusowego.</em></p>



<p><strong>pierwsza sobota miesiąca </strong><em>Msza św. o godz. <em>10<sup>00</sup></em> w intencji wynagradzającej Niepokalanemu Sercu Maryi.<br>Po Mszy św. Różaniec i medytacja pierwszo sobotnia.</em></p>

<p>22 dnia każdego miesiąca&nbsp;nowenna do św. Jana Pawła II – po Mszy św. o godz. 1800 24 dnia każdego miesiąca o godz. 1800&nbsp;Msza św. w intencjach składanych za pośrednictwem Maryi Wspomożycielki Wiernych i nabożeństwo „Hołd Wspomożycielce” ostatni dzień miesiąca&nbsp;wspomnienie św. Jana Bosko &#8211; 1800&nbsp;Msza św.&nbsp;i nabożeństwo w kaplicy św. Jana Bosko. każdy czwartek po Mszy [&hellip;]</p>
